 -45. What are the prime factors of d?
3, 41
Let o be ((-2)/(-3))/((-2)/(-9)). Let z = 39 - 22. Suppose o*k + z = p, -k = -3*p + 17 + 10. What are the prime factors of p?
2
Let c = 0 + 2. Suppose 2*a = 5*a - 5*t - 43, -5*a + 3*t = -45. Suppose 0*j - c*j = -a. What are the prime factors of j?
3
Let y = -36 - -5. Let d = -21 - y. Suppose 0 = 9*f - d*f + 7. List the prime factors of f.
7
Let n(u) = u**2 + 4*u + 3. Let i be n(-4). Let j be (-12)/(-8) + (-2)/(-4). List the prime factors of (i/j)/(6/20).
5
Let h = -3 + 2. Let r be 44/12 + (-1)/(-3). Let u = r + h. List the prime factors of u.
3
Suppose -2*h = -5*h + 12. Suppose 0*s - h*s = -120. What are the prime factors of s?
2, 3, 5
Let c = 105 + -45. List the prime factors of c/8 - (-1)/(-2).
7
Suppose -3*t + 5 + 1 = 0. Suppose g + 1 = z, -t*z - 3*g = 2*z - 25. Suppose -z*p - 20 = -i, -3*i = 5*p - 2*p - 45. List the prime factors of i.
2
Let a = 2 + -3. What are the prime factors of -1 + ((-13)/1)/a?
2, 3
Let a(x) = x + 6. Let v be a(-5). Let g be (1 - 1*-2) + v. Suppose 19 = g*m - 17. List the prime factors of m.
3
Suppose 4*c = -c + 200. Let n = -13 + c. List the prime factors of (4/3)/(2/n).
2, 3
Suppose 5*u = -32 - 408. Let v = -63 - u. List the prime factors of v.
5
Let s = 1 + -14. Let r = 3 - s. List the prime factors of r.
2
Let k = 4 + -1. Suppose 0 = -4*t + 3*l + 3, -5*t = 3*l - 2*l + 1. Suppose -c + 10 + k = t. List the prime factors of c.
13
Let b(n) = 2*n + 0*n**3 - n - 2 - n**3 + 4*n**2. Let h be (18/12)/(1/2). What are the prime factors of b(h)?
2, 5
Suppose 0 = -3*u + p + 2*p - 3, -4*p = -u - 7. Suppose -d - 5*w + 4 = -u, -3*d - 5*w = -15. List the prime factors of d.
5
Let n(t) = 2*t**2 + 2. Let s be n(2). Suppose 2*k - k = -s. Let r(p) = -p - 7. List the prime factors of r(k).
3
Let o = -95 + 34. Let f be 1/(-3)*(o - 2). Let d = 35 - f. What are the prime factors of d?
2, 7
Let n = -9 + 21. What are the prime factors of n?
2, 3
Let b = 21 + -18. Suppose 0 = -b*d - h + 32, -4*d + 68 = d - 2*h. What are the prime factors of d?
2, 3
Let p = 193 - 11. List the prime factors of p.
2, 7, 13
What are the prime factors of -4 + 3 - -3 - -9?
11
Let h(v) = v - 5. Let m be h(5). Suppose f + 4*f - 20 = m. Suppose f*j = 2*o - 30, o - 3*j - 10 = 9. What are the prime factors of o?
7
Let p be 0*((-4)/(-8) + 0). Suppose 3*h = -2*y + 83, 0 = -y + 4*y - 3*h - 117. Suppose -g - 3*g + y = p. What are the prime factors of g?
2, 5
Suppose 3*k + k = -3*f - 50, -5*k = 2*f + 24. List the prime factors of (-348)/f - (-2)/11.
2
Suppose -4 = -0*y + 2*y. Let i(l) = -16*l. Let q be i(y). Suppose 3*s - q = s. What are the prime factors of s?
2
Let d = -117 + 199. What are the prime factors of d?
2, 41
What are the prime factors of -210*((-3)/6 + (-1)/2)?
2, 3, 5, 7
Let a be (-6)/(-4) - 5490/(-36). Let p = a + -102. What are the prime factors of p?
2, 13
Let y(o) = -14*o**2 + o - 2. Let i be (1 - (-2)/4)*2. Let w(j) = 13*j**2 - j + 1. Let p(n) = i*w(n) + 2*y(n). List the prime factors of p(-1).
11
Let y(a) = -a**2 - 9*a + 2. List the prime factors of y(-3).
2, 5
Suppose -2*a + 426 = 5*s, -5*a - 354 = -4*s - 0*a. What are the prime factors of s?
2, 43
Let j = -11 - 10. Let r = j + 42. List the prime factors of r.
3, 7
Suppose 3*i - 4*i - 5 = 5*c, -5*c - 5*i = 5. Let f(k) = -k**2 + 3*k - 2. Let p be f(3). What are the prime factors of p/(-4)*(15 - c)?
2
Let b be 513/(-6)*(-6)/9. Suppose 22 - b = -5*f. What are the prime factors of f?
7
Let l(i) = -5*i + 5. Let k be l(-7). Let b = -23 + k. List the prime factors of b.
17
List the prime factors of 1419/55 - 2/(-10).
2, 13
Let w(s) = s**3 - 2*s**2 + 2*s - 4. List the prime factors of w(3).
11
Suppose 0 = 3*p + 3, -4*r = -2*r + 5*p - 3. Let i be r/(-14) - (-30)/7. What are the prime factors of 8*1/i*6?
2, 3
Suppose -4*x + 153 = 17. List the prime factors of x.
2, 17
Let p = 13 - 8. Suppose -3*q = b - 1 - 13, 16 = p*q - 2*b. Suppose -n - 20 = -q*u + 8, 4*u = 3*n + 36. What are the prime factors of u?
2, 3
Suppose -3*v + 47 + 28 = 0. List the prime factors of v.
5
Let q(j) = j**3 - 2*j**2 + 4*j - 2. Suppose 0 = 4*g + 5*t - 160, 3*t - 4*t = -4*g + 160. Let s be (-6)/27 - g/(-18). What are the prime factors of q(s)?
2, 3
Let z = -4 - -4. Suppose z = 2*u + u. Suppose -3*x + 21 - 3 = u. What are the prime factors of x?
2, 3
List the prime factors of (3/(-6))/1*-146.
73
Suppose -2*i = 2*o - 70, -4*o - 2 - 10 = 0. What are the prime factors of i?
2, 19
Let a(j) = 3*j. Let l be a(1). Suppose -n = -g + 2*g + 1, -7 = 2*g + l*n. Let f = 9 - g. List the prime factors of f.
5
Let g = -35 - -60. List the prime factors of g.
5
Let j be 4/(-12) - (-71)/(-3). Let d = j - -44. List the prime factors of d.
2, 5
List the prime factors of (-282)/(-9) - 2/(-3).
2
Let g = -5 - -8. Let v be (g - 1 - -1) + 2. List the prime factors of (-2)/5 + 32/v.
2, 3
Let r be (-26)/(-10) - 3/5. Suppose r*l + l = 15. Suppose 5*p - 27 = -4*m, 33 = l*p + 5*m + 3. What are the prime factors of p?
3
Suppose 11 + 45 = 2*u. What are the prime factors of u?
2, 7
Suppose 0 = 2*g + 2*g - 5*j + 32, -5*g - 3 = 3*j. Let p = g + 7. Suppose -2*h - p*f + 33 = 9, 24 = h + 5*f. List the prime factors of h.
2
Let u(z) = z**3 - 5*z**2 - 6*z + 5. Let g be u(6). Suppose -111 = -g*d - 0*p + p, 0 = -2*p + 8. List the prime factors of d.
23
Suppose 27 = d + 5*j, 3*d = 7*d + 2*j - 108. List the prime factors of d.
3
Let b(n) = n**2 + 2*n - 3. Let l be b(3). Suppose 5*g - 58 - l = 0. List the prime factors of g.
2, 7
Suppose -c - 4*c + 117 = 2*f, -220 = -4*f + 4*c. Let x = 29 - f. Let g = 47 + x. What are the prime factors of g?
2, 5
Let f(x) = -29*x + 6. List the prime factors of f(-4).
2, 61
Let a be 3 + (-2 - (-1 - 0)). Let d be (-2)/7 + (-65)/(-7). Let m = a + d. What are the prime factors of m?
11
Let a(j) = -j**2 + 11*j - 5. Let x be a(5). Suppose 5*g - f = 40, x = 5*g - 0*g + 2*f. List the prime factors of g.
7
Let n = 76 + -35. What are the prime factors of n?
41
Let m(r) = r**3 + 6*r**2 - 10*r - 1. List the prime factors of m(-7).
2, 5
Suppose -q - 4*q + 3*a = -198, 2*a + 119 = 3*q. Let l = q - 15. List the prime factors of l.
2, 3
Let h(f) = 5*f**2 - 22. What are the prime factors of h(4)?
2, 29
Let r(a) = -3 - a - 4*a + 1 - 4. List the prime factors of r(-6).
2, 3
Let l = -5 + 32. Let j = l + -12. What are the prime factors of j?
3, 5
Let a = 210 - 55. Let i = a + -98. Suppose -5*p + i = -8. List the prime factors of p.
13
Let d be -2 + 3 - (-1 + -3). Suppose -d*a - 53 = -r - a, 4*r = a + 137. What are the prime factors of r?
3, 11
What are the prime factors of (42 - -15)/((-1)/(-3))?
3, 19
Suppose 0 = 5*d - 5*l - 290, d = 3*l - 6*l + 46. Let f = d + -35. List the prime factors of f.
2, 5
Let x be (-2)/4*(-54)/1. Let z(g) = -2*g - 10. Let d be z(-6). Suppose -d*a = l + 4 - 13, 2*l = 5*a - x. List the prime factors of a.
5
Let i(a) = a**3 + 5*a**2 - 2*a - 3. Let s be i(-5). Let b(p) = p**2 - 6*p - 3. List the prime factors of b(s).
2
Suppose 3*y + y = 228. What are the prime factors of y?
3, 19
Suppose 3*z + 2*z - 440 = 0. List the prime factors of z.
2, 11
Let d be -2*((0 - -1) + 0). Suppose 30 = 2*h + 3*h. Let p = d + h. What are the prime factors of p?
2
Let x(i) = -i**3 - 2*i**2 - 12. What are the prime factors of x(-5)?
3, 7
Let k(a) = 2*a**2 + 8*a - 5. Let g = -16 - -10. What are the prime factors of k(g)?
19
List the prime factors of -9*2/4*-2.
3
Let c(h) = 5*h - 10. List the prime factors of c(8).
2, 3, 5
Suppose -3*q + 4 = 4*w, 0*q + q - 6 = w. What are the prime factors of (q/(-8))/(1/(-10))?
5
Suppose -5*b = -4*b. Let p(c) = c**3 + c**2 + 20. List the prime factors of p(b).
2, 5
Let k = 128 + -50. List the prime factors of k.
2, 3, 13
Let y = 94 + -54. List the prime factors of y.
2, 5
Suppose -20 = v - 2*v. What are the prime factors of v?
2, 5
Let j be (-2*2)/(-2) - -33. Suppose -4*n + 12 = -8. Suppose -5*f + 4*g + 90 = j, 2*f - 22 = -n*g. List the prime factors of f.
11
Let p(l) = -16*l**2 - 31*l - 6. Let o(f) = 3*f**2 + 6*f + 1. Let r(b) = 11*o(b) + 2*p(b). List the prime factors of r(-5).
2
Let g be 6/(-3) - (-3 + 2). Let d = 4 + g. What are the prime factors of d?
3
Let w(q) = q - 8. Let m be w(-6). Let z = m - -6. What are the prime factors of -1*3/3*z?
2
Suppose -2022 = -5*s - 417. What are the pr